e 10) to base 7.
66
What is -11 (base 7) in base 4?
-20
10 (base 4) to base 3
11
What is 4 (base 6) in base 5?
4
3 (base 11) to base 8
3
Convert 2 (base 8) to base 6.
2
-3 (base 5) to base 14
-3
1 (base 12) to base 14
1
Convert -14 (base 6) to base 11.
-a
-118 (base 11) to base 2
-10001100
What is -51 (base 15) in base 11?
-6a
What is -b0 (base 15) in base 13?
-c9
-5 (base 13) to base 8
-5
4b (base 16) to base 11
69
What is -14 (base 16) in base 2?
-10100
0 (base 13) to base 2
0
What is 20 (base 4) in base 2?
1000
Convert 10 (base 3) to base 11.
3
Convert 29 (base 10) to base 15.
1e
What is 5 (base 14) in base 3?
12
Convert 10 (base 5) to base 13.
5
What is -10 (base 5) in base 4?
-11
-12 (base 12) to base 9
-15
47 (base 9) to base 15
2d
-1 (base 12) to base 3
-1
-7 (base 15) to base 4
-13
What is 1d (base 15) in base 13?
22
What is 13 (base 13) in base 12?
14
Convert 23 (base 14) to base 9.
34
Convert 23 (base 11) to base 3.
221
0 (base 2) to base 4
0
4 (base 7) to base 5
4
What is 4 (base 13) in base 9?
4
Convert 1 (base 10) to base 6.
1
What is 2 (base 15) in base 16?
2
What is -c0 (base 15) in base 11?
-154
Convert -4 (base 8) to base 14.
-4
Convert 2012 (base 3) to base 2.
111011
Convert 10111 (base 2) to base 5.
43
What is 30 (base 10) in base 2?
11110
-143 (base 12) to base 2
-11000011
Convert -14 (base 8) to base 12.
-10
97 (base 13) to base 12
a4
What is 1a (base 16) in base 7?
35
-112 (base 4) to base 11
-20
Convert 2 (base 4) to base 16.
2
Convert -323 (base 8) to base 7.
-421
156 (base 13) to base 9
286
Convert 22 (base 15) to base 4.
200
Convert -5 (base 10) to base 5.
-10
Convert 135 (base 6) to base 5.
214
-5 (base 12) to base 2
-101
Convert -56 (base 10) to base 4.
-320
What is -1120 (base 3) in base 14?
-30
-10 (base 2) to base 5
-2
11 (base 4) to base 8
5
What is 20 (base 3) in base 4?
12
-2 (base 10) to base 2
-10
What is 3 (base 11) in base 8?
3
-20 (base 4) to base 14
-8
13 (base 7) to base 9
11
13 (base 4) to base 10
7
What is c7 (base 14) in base 12?
127
-1 (base 6) to base 3
-1
What is 1 (base 15) in base 14?
1
Convert -11 (base 4) to base 8.
-5
3 (base 14) to base 15
3
What is -4e (base 16) in base 9?
-86
What is -1 (base 13) in base 9?
-1
Convert 0 (base 13) to base 10.
0
Convert 11020 (base 3) to base 11.
a4
What is -5 (base 9) in base 6?
-5
-85 (base 10) to base 12
-71
Convert 3 (base 11) to base 8.
3
-4 (base 14) to base 7
-4
-35 (base 12) to base 11
-38
Convert 2 (base 16) to base 8.
2
Convert -30 (base 16) to base 13.
-39
What is 1233 (base 4) in base 10?
111
12 (base 7) to base 11
9
24 (base 16) to base 6
100
What is 203 (base 5) in base 2?
110101
2 (base 16) to base 4
2
What is -10 (base 4) in base 2?
-100
-1012 (base 4) to base 7
-130
2 (base 12) to base 5
2
0 (base 12) to base 4
0
Convert -3 (base 13) to base 2.
-11
11 (base 12) to base 9
14
What is -204 (base 9) in base 14?
-bc
27 (base 13) to base 12
29
-33 (base 4) to base 11
-14
42 (base 6) to base 13
20
1 (base 12) to base 6
1
What is -512 (base 6) in base 11?
-161
Convert 3 (base 9) to base 11.
3
What is -3 (base 4) in base 12?
-3
Convert 15 (base 12) to base 8.
21
What is 8 (base 9) in base 5?
13
Convert -100011011 (base 2) to base 12.
-1b7
b (base 14) to base 12
b
Convert -e (base 16) to base 5.
-24
Convert -2 (base 9) to base 7.
-2
-10100 (base 2) to base 15
-15
Convert 21 (base 3) to base 10.
7
2 (base 3) to base 2
10
Convert 1 (base 2) to base 8.
1
What is -3 (base 5) in base 12?
-3
Convert -20 (base 7) to base 10.
-14
What is 1 (base 7) in base 5?
1
54 (base 11) to base 3
2012
-36 (base 7) to base 9
-30
-23 (base 14) to base 7
-43
What is -1 (base 7) in base 16?
-1
10000 (base 2) to base 5
31
Convert -101 (base 8) to base 14.
-49
What is 2 (base 16) in base 9?
2
Convert -11 (base 10) to base 5.
-21
Convert -4 (base 12) to base 9.
-4
-222 (base 4) to base 3
-1120
-11211 (base 3) to base 12
-aa
What is 29 (base 14) in base 6?
101
-1110 (base 2) to base 6
-22
14 (base 6) to base 11
a
What is 1230 (base 4) in base 11?
99
Convert 2 (base 15) to base 11.
2
What is -22 (base 10) in base 5?
-42
What is 1 (base 13) in base 2?
1
-4 (base 13) to base 15
-4
Convert 33 (base 16) to base 6.
123
What is 135 (base 7) in base 6?
203
Convert 1313 (base 5) to base 9.
251
Convert -83 (base 12) to base 8.
-143
What is 15 (base 6) in base 16?
b
Convert -10 (base 4) to base 11.
-4
Convert -122 (base 4) to base 8.
-32
Convert -7 (base 9) to base 15.
-7
What is 25 (base 13) in base 9?
34
What is -110 (base 2) in base 11?
-6
Convert 131 (base 9) to base 14.
7b
Convert b (base 15) to base 9.
12
Convert -22 (base 3) to base 8.
-10
Convert -5 (base 11) to base 8.
-5
39 (base 13) to base 14
36
-22 (base 7) to base 3
-121
-18 (base 13) to base 9
-23
5 (base 9) to base 15
5
b8 (base 12) to base 7
260
What is -57 (base 9) in base 12?
-44
Convert -97 (base 12) to base 10.
-115
Convert 11 (base 14) to base 3.
120
Convert 22 (base 8) to base 7.
24
Convert 4 (base 14) to base 2.
100
What is 5b (base 16) in base 12?
77
What is 7 (base 13) in base 4?
13
What is -171 (base 16) in base 7?
-1035
-40 (base 16) to base 14
-48
6 (base 14) to base 12
6
1013 (base 4) to base 12
5b
What is 1201 (base 3) in base 15?
31
What is -6 (base 14) in base 13?
-6
What is 3 (base 5) in base 8?
3
10 (base 5) to base 7
5
Convert -3 (base 7) to base 2.
-11
Convert -3 (base 8) to base 15.
-3
Convert -137 (base 14) to base 13.
-15b
0 (base 6) to base 3
0
What is 16 (base 11) in base 5?
32
0 (base 4) to base 9
0
-101 (base 5) to base 2
-11010
-3 (base 14) to base 8
-3
What is -93 (base 16) in base 13?
-b4
What is -5 (base 6) in base 16?
-5
71 (base 16) to base 6
305
-4 (base 13) to base 10
-4
0 (base 8) to base 11
0
What is -2d (base 16) in base 15?
-30
72 (base 8) to base 12
4a
-2 (base 8) to base 11
-2
-2 (base 8) to base 11
-2
What is -d (base 16) in base 13?
-10
What is -31 (base 10) in base 8?
-37
What is 10c (base 14) in base 13?
130
5 (base 16) to base 2
101
-3 (base 15) to base 4
-3
What is 25 (base 7) in base 11?
18
Convert 10000 (base 2) to base 6.
24
-17 (base 16) to base 3
-212
What is -324 (base 5) in base 9?
-108
2 (base 6) to base 11
2
2 (base 9) to base 12
2
Convert -3 (base 14) to base 12.
-3
Convert 48 (base 10) to base 2.
110000
Convert 3 (base 4) to base 12.
3
Convert -21 (base 15) to base 3.
-1011
-1 (base 14) to base 4
-1
86 (base 11) to base 10
94
-14 (base 14) to base 15
-13
Convert -4 (base 16) to base 6.
-4
What is -3 (base 13) in base 3?
-10
What is 1 (base 6) in base 10?
1
What is 1102 (base 3) in base 11?
35
What is -100100001 (base 2) in base 11?
-243
-3 (base 13) to base 16
-3
What is -220 (base 3) in base 4?
-120
-1 (base 10) to base 5
-1
104 (base 9) to base 13
67
12 (base 14) to base 9
17
Convert -24 (base 7) to base 15.
-13
What is 4 (base 14) in base 10?
4
Convert 19 (base 16) to base 11.
23
Convert -22 (base 3) to base 5.
-13
What is -1022 (base 3) in base 11?
-32
What is -28 (base 10) in base 8?
-34
121 (base 8) to base 7
144
Convert 324 (base 7) to base 10.
165
Convert 6 (base 14) to base 13.
6
Convert 10 (base 16) to base 10.
16
-24 (base 6) to base 11
-15
-11010111 (base 2) to base 3
-21222
Convert 11 (base 5) to base 6.
10
What is 32 (base 4) in base 13?
11
-100 (base 2) to base 8
-4
What is 0 (base 9) in base 15?
0
Convert 1 (base 7) to base 15.
1
What is 70 (base 9) in base 15?
43
3 (base 10) to base 11
3
What is 4 (base 7) in base 12?
4
What is 0 (base 12) in base 2?
0
-10 (base 3) to base 13
-3
19 (base 11) to base 16
14
What is 33 (base 5) in base 16?
12
Convert 24 (base 10) to base 3.
220
Convert -7 (base 11) to base 16.
-7
What is -6e (base 15) in base 13?
-80
-11010 (base 2) to base 7
-35
What is -1110001 (base 2) in base 5?
-423
Convert -17 (base 8) to base 2.
-1111
Convert 1001110 (base 2) to base 5.
303
What is -10 (base 3) in base 6?
-3
-5 (base 8) to base 16
-5
What is 16 (base 7) in base 6?
21
3 (base 12) to base 8
3
What is -313 (base 5) in base 2?
-1010011
-3 (base 6) to base 8
-3
20 (base 3) to base 4
12
176 (base 10) to base 2
10110000
Convert -32 (base 11) to base 5.
-120
-1a (base 14) to base 16
-18
What is 5 (base 12) in base 4?
11
Convert 1 (base 8) to base 2.
1
-4b (base 16) to base 3
-2210
Convert 10 (base 3) to base 9.
3
Convert -43 (base 5